{"id":16779,"date":"2024-06-03T14:12:21","date_gmt":"2024-06-03T18:12:21","guid":{"rendered":"https:\/\/mcq.org\/?post_type=scolaire&#038;p=16779"},"modified":"2025-05-28T11:10:14","modified_gmt":"2025-05-28T15:10:14","slug":"le-quebec-autrement-dit-petite-enfance-et-prescolaire","status":"publish","type":"scolaire","link":"https:\/\/mcq.org\/en\/visiter\/groupes\/petite-enfance-primaire-secondaire\/activites\/le-quebec-autrement-dit-petite-enfance-et-prescolaire\/","title":{"rendered":"Le Qu\u00e9bec, autrement dit &#8211; Petite enfance et pr\u00e9scolaire"},"content":{"rendered":"<div  class=\"container contenu-centre\">\n  <div class=\"row justify-content-center\">\n    <div class=\"col-lg-10 col-xl-8\">\n      \n        \n\n<p><strong>Explorez un grand parc o\u00f9 les enfants d\u00e9couvrent le Qu\u00e9bec et ceux et celles qui l&#8217;habitent.<\/strong><\/p>\n<p>En compagnie d&#8217;un ou d&#8217;une guide, les enfants d\u00e9ambulent dans l&#8217;exposition qui ressemble \u00e0 un grand parc. Dans chaque recoin, des surprises les attendent: des animaux impressionnants, des objets du pass\u00e9 \u00e0 comparer au pr\u00e9sent, des jeux. Tout \u00e7a pour comprendre un peu plus ce qu&#8217;est le Qu\u00e9bec et qui l&#8217;habite.<\/p>\n<p>La dur\u00e9e de l&#8217;activit\u00e9 comprend l&#8217;accueil et les d\u00e9placements (15 min).<\/p>\n\n\n  <div class=\"accordion mt-60\" >\n    <!-- item -->\n    <div class=\"accordion-item\">\n      <span class=\"accordion-header\" id=\"panel-Dveloppement-des-comptences\">\n        <button class=\"accordion-button collapsed\" type=\"button\" data-bs-toggle=\"collapse\" data-bs-target=\"#Dveloppement-des-comptences\" aria-expanded=\"false\" aria-controls=\"panel-Dveloppement-des-comptences\">\n          <span>D\u00e9veloppement des comp\u00e9tences<\/span>\n        <\/button>\n      <\/span>\n      <div id=\"Dveloppement-des-comptences\" class=\"accordion-collapse  collapse\" aria-labelledby=\"panel-Dveloppement-des-comptences\">\n        <div class=\"accordion-body\">\n          <p>Cette activit\u00e9 contribue au d\u00e9veloppement des comp\u00e9tences suivantes :<\/p>\n<ul>\n<li>Apprendre \u00e0 d\u00e9couvrir un espace d&#8217;exposition et un mus\u00e9e<\/li>\n<li>Explorer diff\u00e9rentes dimensions du territoire qu\u00e9b\u00e9cois telles que son histoire, ses occupants et occupantes, son milieu physique, ses traditions<\/li>\n<li>Apprendre de nouveaux mots et \u00e0 s\u2019exprimer en groupe<\/li>\n<li>S\u2019ouvrir \u00e0 de nouvelles r\u00e9alit\u00e9s<\/li>\n<li>D\u00e9finir des caract\u00e9ristiques et les comparer<\/li>\n<li>D\u00e9velopper sa motricit\u00e9 par le d\u00e9placement et la danse<\/li>\n<\/ul>\n        <\/div>\n      <\/div>\n    <\/div>\n    <!-- \/\/ item -->\n  <\/div>\n\n\n          <\/div>\n  <\/div>\n<\/div>\n\n    <div class=\"container\" >\n              <div class=\"row\">\n          <div class=\"col-12\">\n            <h2 class=\"section-title\">Contenu reli\u00e9<\/h2>\n          <\/div>\n        <\/div>\n            <\/div>\n      <div class=\"container card-overflow\">\n      <div class=\"row\">\n                    <div class=\"col-10 col-md-4 \">\n              <div class=\"card card-vedette\">\n                <a href=\"https:\/\/mcq.org\/decouvrir\/expositions\/le-quebec-autrement-dit\/\" target=\"_self\">\n                  <img decoding=\"async\" src=\"https:\/\/mcq.org\/wp-content\/uploads\/2024\/05\/quebec-autrement-dit-affiche.jpg\" class=\"rounded img-fluid\" alt=\"Dessin dans les teintes de bleu d&#039;un banc pos\u00e9 devant un lac o\u00f9 l&#039;on voit au loin une cha\u00eene de montagnes sous un ciel \u00e9toil\u00e9e au couch\u00e9 du soleil\">\n                  <h2 class=\"card-title\">\n                    <span class=\"card-type-trio\">\n                      Exposition                    <\/span>\n                    Le Qu\u00e9bec, autrement dit                    <div class=\"arrow arrow-card\">\n                      <img decoding=\"async\" src=\"https:\/\/mcq.org\/wp-content\/themes\/mcq\/images\/ico-arrow.svg\" width=\"15\" height=\"12\" alt=\"\" alt=\"\" aria-hidden=\"true\" \/>\n                    <\/div>\n                  <\/h2>\n                  <div class=\"card-text\">\n                    D\u00e9ambulez dans un grand parc et d\u00e9couvrez \u00e0 quel point les rencontres de tout genre ont fa\u00e7onn\u00e9 et fa\u00e7onnent toujours les gens habitant le territoire qu\u00e9b\u00e9cois, dans leur mani\u00e8re d\u2019\u00eatre et de vivre ensemble.                  <\/div>\n                <\/a>\n              <\/div>\n            <\/div>\n              <\/div>\n    <\/div>\n","protected":false},"excerpt":{"rendered":"","protected":false},"featured_media":16908,"template":"","act-ressource-tax":[13],"class_list":["post-16779","scolaire","type-scolaire","status-publish","has-post-thumbnail","hentry","act-ressource-tax-activite"],"acf":[],"yoast_head":"<!-- This site is optimized with the Yoast SEO Premium plugin v27.3 (Yoast SEO v27.3) - https:\/\/yoast.com\/product\/yoast-seo-premium-wordpress\/ -->\n<title>Le Qu\u00e9bec, autrement dit - Petite enfance et pr\u00e9scolaire - Activit\u00e9s et ressources p\u00e9dagogiques pour les \u00e9coles | Mus\u00e9e de la civilisation<\/title>\n<meta name=\"description\" content=\"D\u00e9couvrez les activit\u00e9s et les ressources p\u00e9dagogiques offertes aux groupes scolaires au Mus\u00e9e de la civilisation : Le Qu\u00e9bec, autrement dit - Petite enfance et pr\u00e9scolaire.\" \/>\n<meta name=\"robots\" content=\"index, follow, max-snippet:-1, max-image-preview:large, max-video-preview:-1\" \/>\n<link rel=\"canonical\" href=\"https:\/\/mcq.org\/en\/visiter\/groupes\/petite-enfance-primaire-secondaire\/activites\/le-quebec-autrement-dit-petite-enfance-et-prescolaire\/\" \/>\n<meta property=\"og:locale\" content=\"en_US\" \/>\n<meta property=\"og:type\" content=\"article\" \/>\n<meta property=\"og:title\" content=\"Le Qu\u00e9bec, autrement dit - Petite enfance et pr\u00e9scolaire - Activit\u00e9s et ressources p\u00e9dagogiques pour les \u00e9coles | Mus\u00e9e de la civilisation\" \/>\n<meta property=\"og:description\" content=\"D\u00e9couvrez les activit\u00e9s et les ressources p\u00e9dagogiques offertes aux groupes scolaires au Mus\u00e9e de la civilisation : Le Qu\u00e9bec, autrement dit - Petite enfance et pr\u00e9scolaire.\" \/>\n<meta property=\"og:url\" content=\"https:\/\/mcq.org\/en\/visiter\/groupes\/petite-enfance-primaire-secondaire\/activites\/le-quebec-autrement-dit-petite-enfance-et-prescolaire\/\" \/>\n<meta property=\"og:site_name\" content=\"Mus\u00e9e de la civilisation\" \/>\n<meta property=\"article:publisher\" content=\"https:\/\/www.facebook.com\/mcqorg\" \/>\n<meta property=\"article:modified_time\" content=\"2025-05-28T15:10:14+00:00\" \/>\n<meta property=\"og:image\" content=\"https:\/\/mcq.org\/wp-content\/uploads\/2024\/06\/lqad-scolaire-petite-enfance-600x600pxjpg.jpg\" \/>\n\t<meta property=\"og:image:width\" content=\"600\" \/>\n\t<meta property=\"og:image:height\" content=\"600\" \/>\n\t<meta property=\"og:image:type\" content=\"image\/jpeg\" \/>\n<meta name=\"twitter:card\" content=\"summary_large_image\" \/>\n<meta name=\"twitter:site\" content=\"@mcqorg\" \/>\n<meta name=\"twitter:label1\" content=\"Est. reading time\" \/>\n\t<meta name=\"twitter:data1\" content=\"1 minute\" \/>\n<!-- \/ Yoast SEO Premium plugin. -->","yoast_head_json":{"title":"Le Qu\u00e9bec, autrement dit - Petite enfance et pr\u00e9scolaire - Activit\u00e9s et ressources p\u00e9dagogiques pour les \u00e9coles | Mus\u00e9e de la civilisation","description":"D\u00e9couvrez les activit\u00e9s et les ressources p\u00e9dagogiques offertes aux groupes scolaires au Mus\u00e9e de la civilisation : Le Qu\u00e9bec, autrement dit - Petite enfance et pr\u00e9scolaire.","robots":{"index":"index","follow":"follow","max-snippet":"max-snippet:-1","max-image-preview":"max-image-preview:large","max-video-preview":"max-video-preview:-1"},"canonical":"https:\/\/mcq.org\/en\/visiter\/groupes\/petite-enfance-primaire-secondaire\/activites\/le-quebec-autrement-dit-petite-enfance-et-prescolaire\/","og_locale":"en_US","og_type":"article","og_title":"Le Qu\u00e9bec, autrement dit - Petite enfance et pr\u00e9scolaire - Activit\u00e9s et ressources p\u00e9dagogiques pour les \u00e9coles | Mus\u00e9e de la civilisation","og_description":"D\u00e9couvrez les activit\u00e9s et les ressources p\u00e9dagogiques offertes aux groupes scolaires au Mus\u00e9e de la civilisation : Le Qu\u00e9bec, autrement dit - Petite enfance et pr\u00e9scolaire.","og_url":"https:\/\/mcq.org\/en\/visiter\/groupes\/petite-enfance-primaire-secondaire\/activites\/le-quebec-autrement-dit-petite-enfance-et-prescolaire\/","og_site_name":"Mus\u00e9e de la civilisation","article_publisher":"https:\/\/www.facebook.com\/mcqorg","article_modified_time":"2025-05-28T15:10:14+00:00","og_image":[{"width":600,"height":600,"url":"https:\/\/mcq.org\/wp-content\/uploads\/2024\/06\/lqad-scolaire-petite-enfance-600x600pxjpg.jpg","type":"image\/jpeg"}],"twitter_card":"summary_large_image","twitter_site":"@mcqorg","twitter_misc":{"Est. reading time":"1 minute"},"schema":{"@context":"https:\/\/schema.org","@graph":[{"@type":"WebPage","@id":"https:\/\/mcq.org\/en\/visiter\/groupes\/petite-enfance-primaire-secondaire\/activites\/le-quebec-autrement-dit-petite-enfance-et-prescolaire\/","url":"https:\/\/mcq.org\/en\/visiter\/groupes\/petite-enfance-primaire-secondaire\/activites\/le-quebec-autrement-dit-petite-enfance-et-prescolaire\/","name":"Le Qu\u00e9bec, autrement dit - Petite enfance et pr\u00e9scolaire - Activit\u00e9s et ressources p\u00e9dagogiques pour les \u00e9coles | Mus\u00e9e de la civilisation","isPartOf":{"@id":"https:\/\/mcq.org\/en\/#website"},"primaryImageOfPage":{"@id":"https:\/\/mcq.org\/en\/visiter\/groupes\/petite-enfance-primaire-secondaire\/activites\/le-quebec-autrement-dit-petite-enfance-et-prescolaire\/#primaryimage"},"image":{"@id":"https:\/\/mcq.org\/en\/visiter\/groupes\/petite-enfance-primaire-secondaire\/activites\/le-quebec-autrement-dit-petite-enfance-et-prescolaire\/#primaryimage"},"thumbnailUrl":"https:\/\/mcq.org\/wp-content\/uploads\/2024\/06\/lqad-scolaire-petite-enfance-600x600pxjpg.jpg","datePublished":"2024-06-03T18:12:21+00:00","dateModified":"2025-05-28T15:10:14+00:00","description":"D\u00e9couvrez les activit\u00e9s et les ressources p\u00e9dagogiques offertes aux groupes scolaires au Mus\u00e9e de la civilisation : Le Qu\u00e9bec, autrement dit - Petite enfance et pr\u00e9scolaire.","breadcrumb":{"@id":"https:\/\/mcq.org\/en\/visiter\/groupes\/petite-enfance-primaire-secondaire\/activites\/le-quebec-autrement-dit-petite-enfance-et-prescolaire\/#breadcrumb"},"inLanguage":"en-US","potentialAction":[{"@type":"ReadAction","target":["https:\/\/mcq.org\/en\/visiter\/groupes\/petite-enfance-primaire-secondaire\/activites\/le-quebec-autrement-dit-petite-enfance-et-prescolaire\/"]}]},{"@type":"ImageObject","inLanguage":"en-US","@id":"https:\/\/mcq.org\/en\/visiter\/groupes\/petite-enfance-primaire-secondaire\/activites\/le-quebec-autrement-dit-petite-enfance-et-prescolaire\/#primaryimage","url":"https:\/\/mcq.org\/wp-content\/uploads\/2024\/06\/lqad-scolaire-petite-enfance-600x600pxjpg.jpg","contentUrl":"https:\/\/mcq.org\/wp-content\/uploads\/2024\/06\/lqad-scolaire-petite-enfance-600x600pxjpg.jpg","width":600,"height":600,"caption":"deux jouets d\u00e9pos\u00e9s sur un tapis blanc. L'un est un ourson brun en bois assis sur une voiturette de couleur rouge, bleue et jaune qui repr\u00e9sente un xylophone et l'autre une toupie en bois dans les teintes de jaune, rouge et noire"},{"@type":"BreadcrumbList","@id":"https:\/\/mcq.org\/en\/visiter\/groupes\/petite-enfance-primaire-secondaire\/activites\/le-quebec-autrement-dit-petite-enfance-et-prescolaire\/#breadcrumb","itemListElement":[{"@type":"ListItem","position":1,"name":"Home","item":"https:\/\/mcq.org\/en\/"},{"@type":"ListItem","position":2,"name":"Activit\u00e9s\/Ressources p\u00e9dagogiques","item":"https:\/\/mcq.org\/en\/visiter\/groupes\/petite-enfance-primaire-secondaire\/activites\/"},{"@type":"ListItem","position":3,"name":"Le Qu\u00e9bec, autrement dit &#8211; Petite enfance et pr\u00e9scolaire"}]},{"@type":"WebSite","@id":"https:\/\/mcq.org\/en\/#website","url":"https:\/\/mcq.org\/en\/","name":"Mus\u00e9e de la civilisation","description":"Le Mus\u00e9e de la civilisation explore les diff\u00e9rentes facettes de la r\u00e9alit\u00e9 humaine avec sa d\u00e9marche unique qui combine enchantement, connaissance et r\u00e9flexion.","publisher":{"@id":"https:\/\/mcq.org\/en\/#organization"},"alternateName":"MCQ","potentialAction":[{"@type":"SearchAction","target":{"@type":"EntryPoint","urlTemplate":"https:\/\/mcq.org\/en\/?s={search_term_string}"},"query-input":{"@type":"PropertyValueSpecification","valueRequired":true,"valueName":"search_term_string"}}],"inLanguage":"en-US"},{"@type":"Organization","@id":"https:\/\/mcq.org\/en\/#organization","name":"Mus\u00e9e de la civilisation","alternateName":"MCQ","url":"https:\/\/mcq.org\/en\/","logo":{"@type":"ImageObject","inLanguage":"en-US","@id":"https:\/\/mcq.org\/en\/#\/schema\/logo\/image\/","url":"https:\/\/mcq.org\/wp-content\/uploads\/2023\/04\/logo-mcq-300x123-1.png","contentUrl":"https:\/\/mcq.org\/wp-content\/uploads\/2023\/04\/logo-mcq-300x123-1.png","width":300,"height":123,"caption":"Mus\u00e9e de la civilisation"},"image":{"@id":"https:\/\/mcq.org\/en\/#\/schema\/logo\/image\/"},"sameAs":["https:\/\/www.facebook.com\/mcqorg","https:\/\/x.com\/mcqorg","https:\/\/www.instagram.com\/mcqorg\/","https:\/\/www.linkedin.com\/company\/mcqorg\/"]}]}},"_links":{"self":[{"href":"https:\/\/mcq.org\/en\/wp-json\/wp\/v2\/activites-ressources\/16779","targetHints":{"allow":["GET"]}}],"collection":[{"href":"https:\/\/mcq.org\/en\/wp-json\/wp\/v2\/activites-ressources"}],"about":[{"href":"https:\/\/mcq.org\/en\/wp-json\/wp\/v2\/types\/scolaire"}],"version-history":[{"count":10,"href":"https:\/\/mcq.org\/en\/wp-json\/wp\/v2\/activites-ressources\/16779\/revisions"}],"predecessor-version":[{"id":25359,"href":"https:\/\/mcq.org\/en\/wp-json\/wp\/v2\/activites-ressources\/16779\/revisions\/25359"}],"wp:featuredmedia":[{"embeddable":true,"href":"https:\/\/mcq.org\/en\/wp-json\/wp\/v2\/media\/16908"}],"wp:attachment":[{"href":"https:\/\/mcq.org\/en\/wp-json\/wp\/v2\/media?parent=16779"}],"wp:term":[{"taxonomy":"act-ressource-tax","embeddable":true,"href":"https:\/\/mcq.org\/en\/wp-json\/wp\/v2\/act-ressource-tax?post=16779"}],"curies":[{"name":"wp","href":"https:\/\/api.w.org\/{rel}","templated":true}]}}

Le Québec, autrement dit &#8211; Petite enfance et préscolaire

<div  class="container contenu-centre">
  <div class="row justify-content-center">
    <div class="col-lg-10 col-xl-8">
      
        

<p><strong>Explorez un grand parc où les enfants découvrent le Québec et ceux et celles qui l&#8217;habitent.</strong></p>
<p>En compagnie d&#8217;un ou d&#8217;une guide, les enfants déambulent dans l&#8217;exposition qui ressemble à un grand parc. Dans chaque recoin, des surprises les attendent: des animaux impressionnants, des objets du passé à comparer au présent, des jeux. Tout ça pour comprendre un peu plus ce qu&#8217;est le Québec et qui l&#8217;habite.</p>
<p>La durée de l&#8217;activité comprend l&#8217;accueil et les déplacements (15 min).</p>


  <div class="accordion mt-60" >
    <!-- item -->
    <div class="accordion-item">
      <span class="accordion-header" id="panel-Dveloppement-des-comptences">
        <button class="accordion-button collapsed" type="button" data-bs-toggle="collapse" data-bs-target="#Dveloppement-des-comptences" aria-expanded="false" aria-controls="panel-Dveloppement-des-comptences">
          <span>Développement des compétences</span>
        </button>
      </span>
      <div id="Dveloppement-des-comptences" class="accordion-collapse  collapse" aria-labelledby="panel-Dveloppement-des-comptences">
        <div class="accordion-body">
          <p>Cette activité contribue au développement des compétences suivantes :</p>
<ul>
<li>Apprendre à découvrir un espace d&#8217;exposition et un musée</li>
<li>Explorer différentes dimensions du territoire québécois telles que son histoire, ses occupants et occupantes, son milieu physique, ses traditions</li>
<li>Apprendre de nouveaux mots et à s’exprimer en groupe</li>
<li>S’ouvrir à de nouvelles réalités</li>
<li>Définir des caractéristiques et les comparer</li>
<li>Développer sa motricité par le déplacement et la danse</li>
</ul>
        </div>
      </div>
    </div>
    <!-- // item -->
  </div>


          </div>
  </div>
</div>

    <div class="container" >
              <div class="row">
          <div class="col-12">
            <h2 class="section-title">Contenu relié</h2>
          </div>
        </div>
            </div>
      <div class="container card-overflow">
      <div class="row">
                    <div class="col-10 col-md-4 ">
              <div class="card card-vedette">
                <a href="https://mcq.org/decouvrir/expositions/le-quebec-autrement-dit/" target="_self">
                  <img decoding="async" src="https://mcq.org/wp-content/uploads/2024/05/quebec-autrement-dit-affiche.jpg" class="rounded img-fluid" alt="Dessin dans les teintes de bleu d&#039;un banc posé devant un lac où l&#039;on voit au loin une chaîne de montagnes sous un ciel étoilée au couché du soleil">
                  <h2 class="card-title">
                    <span class="card-type-trio">
                      Exposition                    </span>
                    Le Québec, autrement dit                    <div class="arrow arrow-card">
                      <img decoding="async" src="https://mcq.org/wp-content/themes/mcq/images/ico-arrow.svg" width="15" height="12" alt="" alt="" aria-hidden="true" />
                    </div>
                  </h2>
                  <div class="card-text">
                    Déambulez dans un grand parc et découvrez à quel point les rencontres de tout genre ont façonné et façonnent toujours les gens habitant le territoire québécois, dans leur manière d’être et de vivre ensemble.                  </div>
                </a>
              </div>
            </div>
              </div>
    </div>

<!-- This site is optimized with the Yoast SEO Premium plugin v27.3 (Yoast SEO v27.3) - https://yoast.com/product/yoast-seo-premium-wordpress/ -->
<title>Le Québec, autrement dit - Petite enfance et préscolaire - Activités et ressources pédagogiques pour les écoles | Musée de la civilisation</title>
<meta name="description" content="Découvrez les activités et les ressources pédagogiques offertes aux groupes scolaires au Musée de la civilisation : Le Québec, autrement dit - Petite enfance et préscolaire." />
<meta name="robots" content="index, follow, max-snippet:-1, max-image-preview:large, max-video-preview:-1" />
<link rel="canonical" href="https://mcq.org/en/visiter/groupes/petite-enfance-primaire-secondaire/activites/le-quebec-autrement-dit-petite-enfance-et-prescolaire/" />
<meta property="og:locale" content="en_US" />
<meta property="og:type" content="article" />
<meta property="og:title" content="Le Québec, autrement dit - Petite enfance et préscolaire - Activités et ressources pédagogiques pour les écoles | Musée de la civilisation" />
<meta property="og:description" content="Découvrez les activités et les ressources pédagogiques offertes aux groupes scolaires au Musée de la civilisation : Le Québec, autrement dit - Petite enfance et préscolaire." />
<meta property="og:url" content="https://mcq.org/en/visiter/groupes/petite-enfance-primaire-secondaire/activites/le-quebec-autrement-dit-petite-enfance-et-prescolaire/" />
<meta property="og:site_name" content="Musée de la civilisation" />
<meta property="article:publisher" content="https://www.facebook.com/mcqorg" />
<meta property="article:modified_time" content="2025-05-28T15:10:14+00:00" />
<meta property="og:image" content="https://mcq.org/wp-content/uploads/2024/06/lqad-scolaire-petite-enfance-600x600pxjpg.jpg" />
	<meta property="og:image:width" content="600" />
	<meta property="og:image:height" content="600" />
	<meta property="og:image:type" content="image/jpeg" />
<meta name="twitter:card" content="summary_large_image" />
<meta name="twitter:site" content="@mcqorg" />
<meta name="twitter:label1" content="Est. reading time" />
	<meta name="twitter:data1" content="1 minute" />
<!-- / Yoast SEO Premium plugin. -->

Le Québec, autrement dit - Petite enfance et préscolaire - Activités et ressources pédagogiques pour les écoles | Musée de la civilisation

Découvrez les activités et les ressources pédagogiques offertes aux groupes scolaires au Musée de la civilisation : Le Québec, autrement dit - Petite enfance et préscolaire.

Musée de la civilisation

deux jouets déposés sur un tapis blanc. L'un est un ourson brun en bois assis sur une voiturette de couleur rouge, bleue et jaune qui représente un xylophone et l'autre une toupie en bois dans les teintes de jaune, rouge et noire

Activités/Ressources pédagogiques

Le Musée de la civilisation explore les différentes facettes de la réalité humaine avec sa démarche unique qui combine enchantement, connaissance et réflexion.
